{"id":270,"date":"2014-02-02T21:18:37","date_gmt":"2014-02-02T21:18:37","guid":{"rendered":"https:\/\/ultra-lab.es\/galeriebost\/?page_id=270"},"modified":"2022-09-06T14:55:19","modified_gmt":"2022-09-06T12:55:19","slug":"portfolio","status":"publish","type":"page","link":"https:\/\/galerie-bost.com\/index.php\/portfolio\/","title":{"rendered":"Artistes"},"content":{"rendered":"<h2 style=\"text-align: center;\"><span style=\"color: #808080;\">Notre s\u00e9lection d&rsquo;artistes peintres et sculpteurs<\/span><\/h2>\n<h3 style=\"text-align: center;\"><span style=\"color: #808080;\">Des \u0153uvres d&rsquo;art pour habiller votre int\u00e9rieur,<\/span><\/h3>\n<h3 style=\"text-align: center;\"><span style=\"color: #808080;\"><strong>de l&rsquo;\u00e9motion au quotidien<\/strong><\/span><\/h3>\n\n\n<p class=\"has-text-align-center\"><span class=\"has-inline-color has-pale-pink-color\">Cliquez sur le nom de l&rsquo;artiste que vous d\u00e9sirez d\u00e9couvrir<\/span><\/p>\n","protected":false},"excerpt":{"rendered":"<p>Notre s\u00e9lection d&rsquo;artistes peintres et sculpteurs Des \u0153uvres d&rsquo;art pour habiller votre int\u00e9rieur, de l&rsquo;\u00e9motion au quotidien Cliquez sur le nom de l&rsquo;artiste que vous d\u00e9sirez d\u00e9couvrir<\/p>\n","protected":false},"author":1,"featured_media":0,"parent":0,"menu_order":0,"comment_status":"closed","ping_status":"closed","template":"","meta":[],"yoast_head":"<!-- This site is optimized with the Yoast SEO plugin v17.2 - https:\/\/yoast.com\/wordpress\/plugins\/seo\/ -->\n<title>Artistes - Galerie Bost Art Contemporain<\/title>\n<meta name=\"robots\" content=\"index, follow, max-snippet:-1, max-image-preview:large, max-video-preview:-1\" \/>\n<link rel=\"canonical\" href=\"https:\/\/galerie-bost.com\/index.php\/portfolio\/\" \/>\n<meta property=\"og:locale\" content=\"fr_FR\" \/>\n<meta property=\"og:type\" content=\"article\" \/>\n<meta property=\"og:title\" content=\"Artistes - Galerie Bost Art Contemporain\" \/>\n<meta property=\"og:description\" content=\"Notre s\u00e9lection d&rsquo;artistes peintres et sculpteurs Des \u0153uvres d&rsquo;art pour habiller votre int\u00e9rieur, de l&rsquo;\u00e9motion au quotidien Cliquez sur le nom de l&rsquo;artiste que vous d\u00e9sirez d\u00e9couvrir\" \/>\n<meta property=\"og:url\" content=\"https:\/\/galerie-bost.com\/index.php\/portfolio\/\" \/>\n<meta property=\"og:site_name\" content=\"Galerie Bost\" \/>\n<meta property=\"article:modified_time\" content=\"2022-09-06T12:55:19+00:00\" \/>\n<meta name=\"twitter:card\" content=\"summary_large_image\" \/>\n<meta name=\"twitter:label1\" content=\"Dur\u00e9e de lecture est.\" \/>\n\t<meta name=\"twitter:data1\" content=\"1 minute\" \/>\n<script type=\"application\/ld+json\" class=\"yoast-schema-graph\">{\"@context\":\"https:\/\/schema.org\",\"@graph\":[{\"@type\":\"Organization\",\"@id\":\"https:\/\/galerie-bost.com\/#organization\",\"name\":\"Galerie Bost\",\"url\":\"https:\/\/galerie-bost.com\/\",\"sameAs\":[],\"logo\":{\"@type\":\"ImageObject\",\"@id\":\"https:\/\/galerie-bost.com\/#logo\",\"inLanguage\":\"fr-FR\",\"url\":\"https:\/\/galerie-bost.com\/wp-content\/uploads\/2017\/11\/logoBost1.png\",\"contentUrl\":\"https:\/\/galerie-bost.com\/wp-content\/uploads\/2017\/11\/logoBost1.png\",\"width\":280,\"height\":47,\"caption\":\"Galerie Bost\"},\"image\":{\"@id\":\"https:\/\/galerie-bost.com\/#logo\"}},{\"@type\":\"WebSite\",\"@id\":\"https:\/\/galerie-bost.com\/#website\",\"url\":\"https:\/\/galerie-bost.com\/\",\"name\":\"Galerie Bost\",\"description\":\"Galerie d&#039;art contemporain. Toile et d\\u00e9coration\",\"publisher\":{\"@id\":\"https:\/\/galerie-bost.com\/#organization\"},\"potentialAction\":[{\"@type\":\"SearchAction\",\"target\":{\"@type\":\"EntryPoint\",\"urlTemplate\":\"https:\/\/galerie-bost.com\/?s={search_term_string}\"},\"query-input\":\"required name=search_term_string\"}],\"inLanguage\":\"fr-FR\"},{\"@type\":\"WebPage\",\"@id\":\"https:\/\/galerie-bost.com\/index.php\/portfolio\/#webpage\",\"url\":\"https:\/\/galerie-bost.com\/index.php\/portfolio\/\",\"name\":\"Artistes - Galerie Bost Art Contemporain\",\"isPartOf\":{\"@id\":\"https:\/\/galerie-bost.com\/#website\"},\"datePublished\":\"2014-02-02T21:18:37+00:00\",\"dateModified\":\"2022-09-06T12:55:19+00:00\",\"breadcrumb\":{\"@id\":\"https:\/\/galerie-bost.com\/index.php\/portfolio\/#breadcrumb\"},\"inLanguage\":\"fr-FR\",\"potentialAction\":[{\"@type\":\"ReadAction\",\"target\":[\"https:\/\/galerie-bost.com\/index.php\/portfolio\/\"]}]},{\"@type\":\"BreadcrumbList\",\"@id\":\"https:\/\/galerie-bost.com\/index.php\/portfolio\/#breadcrumb\",\"itemListElement\":[{\"@type\":\"ListItem\",\"position\":1,\"name\":\"Artistes\"}]}]}<\/script>\n<!-- \/ Yoast SEO plugin. -->","yoast_head_json":{"title":"Artistes - Galerie Bost Art Contemporain","robots":{"index":"index","follow":"follow","max-snippet":"max-snippet:-1","max-image-preview":"max-image-preview:large","max-video-preview":"max-video-preview:-1"},"canonical":"https:\/\/galerie-bost.com\/index.php\/portfolio\/","og_locale":"fr_FR","og_type":"article","og_title":"Artistes - Galerie Bost Art Contemporain","og_description":"Notre s\u00e9lection d&rsquo;artistes peintres et sculpteurs Des \u0153uvres d&rsquo;art pour habiller votre int\u00e9rieur, de l&rsquo;\u00e9motion au quotidien Cliquez sur le nom de l&rsquo;artiste que vous d\u00e9sirez d\u00e9couvrir","og_url":"https:\/\/galerie-bost.com\/index.php\/portfolio\/","og_site_name":"Galerie Bost","article_modified_time":"2022-09-06T12:55:19+00:00","twitter_card":"summary_large_image","twitter_misc":{"Dur\u00e9e de lecture est.":"1 minute"},"schema":{"@context":"https:\/\/schema.org","@graph":[{"@type":"Organization","@id":"https:\/\/galerie-bost.com\/#organization","name":"Galerie Bost","url":"https:\/\/galerie-bost.com\/","sameAs":[],"logo":{"@type":"ImageObject","@id":"https:\/\/galerie-bost.com\/#logo","inLanguage":"fr-FR","url":"https:\/\/galerie-bost.com\/wp-content\/uploads\/2017\/11\/logoBost1.png","contentUrl":"https:\/\/galerie-bost.com\/wp-content\/uploads\/2017\/11\/logoBost1.png","width":280,"height":47,"caption":"Galerie Bost"},"image":{"@id":"https:\/\/galerie-bost.com\/#logo"}},{"@type":"WebSite","@id":"https:\/\/galerie-bost.com\/#website","url":"https:\/\/galerie-bost.com\/","name":"Galerie Bost","description":"Galerie d&#039;art contemporain. Toile et d\u00e9coration","publisher":{"@id":"https:\/\/galerie-bost.com\/#organization"},"potentialAction":[{"@type":"SearchAction","target":{"@type":"EntryPoint","urlTemplate":"https:\/\/galerie-bost.com\/?s={search_term_string}"},"query-input":"required name=search_term_string"}],"inLanguage":"fr-FR"},{"@type":"WebPage","@id":"https:\/\/galerie-bost.com\/index.php\/portfolio\/#webpage","url":"https:\/\/galerie-bost.com\/index.php\/portfolio\/","name":"Artistes - Galerie Bost Art Contemporain","isPartOf":{"@id":"https:\/\/galerie-bost.com\/#website"},"datePublished":"2014-02-02T21:18:37+00:00","dateModified":"2022-09-06T12:55:19+00:00","breadcrumb":{"@id":"https:\/\/galerie-bost.com\/index.php\/portfolio\/#breadcrumb"},"inLanguage":"fr-FR","potentialAction":[{"@type":"ReadAction","target":["https:\/\/galerie-bost.com\/index.php\/portfolio\/"]}]},{"@type":"BreadcrumbList","@id":"https:\/\/galerie-bost.com\/index.php\/portfolio\/#breadcrumb","itemListElement":[{"@type":"ListItem","position":1,"name":"Artistes"}]}]}},"_links":{"self":[{"href":"https:\/\/galerie-bost.com\/index.php\/wp-json\/wp\/v2\/pages\/270"}],"collection":[{"href":"https:\/\/galerie-bost.com\/index.php\/wp-json\/wp\/v2\/pages"}],"about":[{"href":"https:\/\/galerie-bost.com\/index.php\/wp-json\/wp\/v2\/types\/page"}],"author":[{"embeddable":true,"href":"https:\/\/galerie-bost.com\/index.php\/wp-json\/wp\/v2\/users\/1"}],"replies":[{"embeddable":true,"href":"https:\/\/galerie-bost.com\/index.php\/wp-json\/wp\/v2\/comments?post=270"}],"version-history":[{"count":3,"href":"https:\/\/galerie-bost.com\/index.php\/wp-json\/wp\/v2\/pages\/270\/revisions"}],"predecessor-version":[{"id":14610,"href":"https:\/\/galerie-bost.com\/index.php\/wp-json\/wp\/v2\/pages\/270\/revisions\/14610"}],"wp:attachment":[{"href":"https:\/\/galerie-bost.com\/index.php\/wp-json\/wp\/v2\/media?parent=270"}],"curies":[{"name":"wp","href":"https:\/\/api.w.org\/{rel}","templated":true}]}}